Is 20864443 prime?
False
Is 13368505 prime?
False
Is 2971607 composite?
False
Is 84997307 prime?
True
Is 2257639 prime?
True
Is 1325263 prime?
True
Is 31053001 prime?
False
Is 94735 a composite number?
True
Is 210038047 a composite number?
True
Is 5562289 a prime number?
False
Is 1054391095 composite?
True
Is 3594847 prime?
False
Is 87591029 composite?
False
Is 147625987 prime?
True
Is 23860247 a composite number?
False
Is 55286626 a composite number?
True
Is 14929753 prime?
True
Is 138997591 a prime number?
True
Is 9143417 composite?
True
Is 64401187 a prime number?
True
Is 89659357 a prime number?
True
Is 8343982 a composite number?
True
Is 2427348377 a composite number?
False
Is 15375343 a prime number?
False
Is 16622393 a composite number?
False
Is 4766213 composite?
False
Is 346712633 a composite number?
False
Is 1192273 a prime number?
False
Is 2969261 prime?
False
Is 6026027 composite?
True
Is 8512067 prime?
True
Is 222455179 prime?
True
Is 60577523 a prime number?
True
Is 3382961 prime?
True
Is 162472411 a prime number?
False
Is 101873521 prime?
True
Is 1097949 a composite number?
True
Is 6412093 prime?
False
Is 69699715 prime?
False
Is 493283069 a prime number?
False
Is 143926903 a composite number?
False
Is 5049727 a composite number?
True
Is 116681263 a prime number?
True
Is 131064243 prime?
False
Is 2028973 prime?
True
Is 16106261 composite?
False
Is 54365561 a composite number?
True
Is 7132187 a prime number?
True
Is 1361641 a composite number?
True
Is 25200727 a composite number?
True
Is 2827753 composite?
False
Is 6965741 a composite number?
True
Is 1790297 prime?
False
Is 2889233 prime?
True
Is 24442841 prime?
False
Is 213356701 a composite number?
False
Is 22311659 prime?
True
Is 12589601 prime?
False
Is 12334899 composite?
True
Is 30305623 prime?
True
Is 7943735 composite?
True
Is 52506397 prime?
False
Is 3442357 composite?
False
Is 3124367 prime?
True
Is 34911989 prime?
False
Is 213713 prime?
True
Is 2213833 a composite number?
False
Is 800845 composite?
True
Is 10803145 prime?
False
Is 17195153 a prime number?
True
Is 3003967 composite?
False
Is 125394483 a composite number?
True
Is 423935 a composite number?
True
Is 12627871 prime?
True
Is 23250151 prime?
True
Is 10926509 a prime number?
False
Is 21856379 a composite number?
False
Is 223963721 prime?
False
Is 2738861 composite?
False
Is 997979 a composite number?
True
Is 41727167 composite?
True
Is 66654947 a prime number?
True
Is 28412039 prime?
False
Is 122173869 a composite number?
True
Is 1436299 a composite number?
True
Is 56145527 a composite number?
False
Is 57263 prime?
False
Is 7978657 composite?
False
Is 4046039 prime?
False
Is 29366 prime?
False
Is 16632449 prime?
True
Is 167358917 a composite number?
True
Is 2508269 prime?
True
Is 30548131 prime?
True
Is 193405739 a prime number?
True
Is 1172321 prime?
False
Is 325883279 a composite number?
False
Is 52787954 a composite number?
True
Is 74821819 composite?
False
Is 196182829 composite?
False
Is 8106359 a prime number?
False
Is 1857391 a composite number?
False
Is 34722307 composite?
False
Is 7836299 a composite number?
False
Is 72290677 composite?
False
Is 12372397 a prime number?
True
Is 12757826 a prime number?
False
Is 102916049 prime?
True
Is 66455 prime?
False
Is 45221093 composite?
False
Is 741029 prime?
False
Is 30304903 prime?
False
Is 53941061 a composite number?
True
Is 65799409 a prime number?
False
Is 362456453 a composite number?
True
Is 48585283 prime?
True
Is 624482 a prime number?
False
Is 2422547 a composite number?
False
Is 99967 a composite number?
True
Is 15000803 prime?
False
Is 4352111 composite?
False
Is 2691317 a composite number?
False
Is 19718807 a composite number?
False
Is 5983097 composite?
True
Is 67519 a prime number?
False
Is 1422404521 prime?
True
Is 26402813 prime?
False
Is 13216217 composite?
True
Is 5431066 a prime number?
False
Is 14709557 a prime number?
True
Is 5763189 a composite number?
True
Is 143281 composite?
False
Is 14999437 a prime number?
False
Is 2597191 composite?
False
Is 3486199 prime?
True
Is 7270577 prime?
False
Is 108892391 a prime number?
False
Is 25894763 composite?
True
Is 2616665 prime?
False
Is 124413293 prime?
False
Is 2372551 a prime number?
False
Is 21882983 prime?
True
Is 368603047 composite?
False
Is 36750551 a composite number?
False
Is 42602837 a composite number?
False
Is 1514391 composite?
True
Is 8540857 composite?
True
Is 132523661 composite?
True
Is 2727947 a composite number?
True
Is 3999362 a composite number?
True
Is 162066127 prime?
True
Is 1162529 composite?
False
Is 142578067 composite?
True
Is 33440963 prime?
True
Is 10711973 composite?
False
Is 4860929 a composite number?
True
Is 9761513 composite?
False
Is 5178331 a prime number?
False
Is 2990051 a composite number?
False
Is 1349993 composite?
False
Is 82031973 a composite number?
True
Is 8363777 a prime number?
True
Is 17688077 a composite number?
True
Is 4788313 a prime number?
False
Is 1552099 a prime number?
False
Is 1979217467 a composite number?
False
Is 608151 prime?
False
Is 2898683 a composite number?
False
Is 84211906 prime?
False
Is 16273463 composite?
False
Is 745181 composite?
False
Is 4973987 a composite number?
True
Is 37701077 a prime number?
True
Is 9525547 a prime number?
True
Is 3139859 a composite number?
True
Is 953149 prime?
True
Is 12543533 a composite number?
True
Is 72900379 a prime number?
True
Is 5090329 a prime number?
False
Is 368877239 prime?
True
Is 17463409 a prime number?
True
Is 5192921 composite?
True
Is 17549041 prime?
False
Is 22556017 prime?
False
Is 39389443 a prime number?
False
Is 1057086937 composite?
False
Is 201614513 a prime number?
True
Is 2176393 composite?
True
Is 1603747 composite?
False
Is 83574573 a prime number?
False
Is 17564849 a composite number?
False
Is 6454297 a prime number?
True
Is 221033 a composite number?
True
Is 5486979 composite?
True
Is 12236891 a composite number?
False
Is 2393161 a composite number?
False
Is 45215395 composite?
True
Is 225817 a composite number?
True
Is 13676651 a prime number?
False
Is 230720759 a prime number?
False
Is 9769129 composite?
False
Is 4511699 composite?
False
Is 158404601 prime?
True
Is 1361687 a composite number?
True
Is 16644929 a composite number?
True
Is 159407 a composite number?
False
Is 976381 prime?
False
Is 1521071 a prime number?
False
Is 204528883 composite?
True
Is 40641077 a composite number?
True
Is 185976649 a prime number?
False
Is 41140753 a prime number?
False
Is 221221387 a composite number?
True
Is 1307653 prime?
False
Is 2275187 a prime number?
True
Is 125035003 prime?
False
Is 14328191 a prime number?
True
Is 6173777 composite?
False
Is 20900471 a prime number?
True
Is 3462083 composite?
True
Is 5194601 a composite number?
False
Is 4032673 a prime number?
False
Is 11024547 prime?
False
Is 39135631 a prime number?
False
Is 10433009 a prime number?
True
Is 49899973 prime?
True
Is 610426317 prime?
False
Is 28725331 a composite number?
False
Is 9737293 prime?
True
Is 156823733 a prime number?
False
Is 723337 prime?
True
Is 21636229 composite?
True
Is 16294169 composite?
False
Is 2455583 prime?
False
Is 2089371 a prime number?
False
Is 99584519 a prime number?
True
Is 7819693 prime?
False
Is 58821869 a prime number?
False
Is 825149459 composite?
True
Is 145619 a prime number?
False
Is 5982121 a prime number?
True
Is 11633927 prime?
False
Is 2406358487 prime?
False
Is 104847139 a composite number?
False
Is 108885229 composite?
True
Is 256502009 a prime number?
False
Is 1697062 a prime number?
False
Is 14532529 a prime number?
False
Is 40216409 composite?
False
Is 1278121 prime?
False
Is 180448221 composite?
True
Is 13647989 a prime number?
False
Is 10193129 composite?
False
Is 1973723 a prime number?
True
Is 128839883 a prime number?
False
Is 255150989 a prime number?
True
Is 3404657 a prime number?
True
Is 63918859 a prime number?
False
Is 8448599 a composite number?
True
Is 3470383 composite?
True
Is 3021611 a composite number?
False
Is 51831133 a prime number?
False
Is 1239751 composite?
False
Is 746663 composite?
True
Is 437629 composite?
False
Is 3361601 a prime number?
True
Is 16860211 a prime number?
True
Is 143843803 a prime number?
True
Is 16683451 a prime